{"id":690,"date":"2023-11-05T14:34:52","date_gmt":"2023-11-05T14:34:52","guid":{"rendered":"https:\/\/vs-nussdorfamattersee.at\/?page_id=690"},"modified":"2023-11-05T14:38:35","modified_gmt":"2023-11-05T14:38:35","slug":"2022-2023","status":"publish","type":"page","link":"https:\/\/vs-nussdorfamattersee.at\/?page_id=690","title":{"rendered":"2022\/2023"},"content":{"rendered":"\n<hr class=\"wp-block-separator has-alpha-channel-opacity is-style-wide\"\/>\n\n\n\n<h2 class=\"wp-block-heading\"><mark style=\"background-color:rgba(0, 0, 0, 0)\" class=\"has-inline-color has-vivid-green-cyan-color\">Astro Kids<\/mark><\/h2>\n\n\n\n<p>Die VS Nu\u00dfdorf am Attersee durfte ein sensationelles Astronomie-Projekt erleben. Frau Sonja Hufnagl f\u00fchrte uns mit einer unglaublichen Begeisterung und Kompetenz durch den Sternenhimmel und unsere Galaxie.<\/p>\n\n\n\n<p>Je nach Altersgruppe wurden die Themen <strong>Sonne-Erde-Mond<\/strong> (Entstehung von Tag und Nacht, Jahreszeiten, Mondphasen), unser <strong>Sonnensystem<\/strong> und ihre Planeten und der <strong>Nachthimmel<\/strong> (Sternbilder, Sternschnuppen, Kometen, uvm.) erkl\u00e4rt.<\/p>\n\n\n\n<p>Dabei durften die Kinder auch sehr viel eigenst\u00e4ndig an Stationen erforschen und in die Welt der Astronomie eintauchen.<\/p>\n\n\n\n<p>Der kr\u00f6nende Abschluss f\u00fcr uns alle war die Vorf\u00fchrung im mobilen Planetarium von Frau Hufnagl.<\/p>\n\n\n\n<figure class=\"wp-block-gallery has-nested-images columns-default is-cropped wp-block-gallery-1 is-layout-flex wp-block-gallery-is-layout-flex\">\n<figure class=\"wp-block-image size-large\"><img loading=\"lazy\" decoding=\"async\" width=\"636\" height=\"428\" data-id=\"644\" src=\"https:\/\/vs-nussdorfamattersee.at\/wp-content\/uploads\/2023\/04\/Bild1-1.jpg\" alt=\"\" class=\"wp-image-644\" srcset=\"https:\/\/vs-nussdorfamattersee.at\/wp-content\/uploads\/2023\/04\/Bild1-1.jpg 636w, https:\/\/vs-nussdorfamattersee.at\/wp-content\/uploads\/2023\/04\/Bild1-1-300x202.jpg 300w\" sizes=\"(max-width: 636px) 100vw, 636px\" \/><\/figure>\n\n\n\n<figure class=\"wp-block-image size-large\"><img loading=\"lazy\" decoding=\"async\" width=\"896\" height=\"403\" data-id=\"647\" src=\"https:\/\/vs-nussdorfamattersee.at\/wp-content\/uploads\/2023\/04\/Bild2-1.jpg\" alt=\"\" class=\"wp-image-647\" srcset=\"https:\/\/vs-nussdorfamattersee.at\/wp-content\/uploads\/2023\/04\/Bild2-1.jpg 896w, https:\/\/vs-nussdorfamattersee.at\/wp-content\/uploads\/2023\/04\/Bild2-1-300x135.jpg 300w, https:\/\/vs-nussdorfamattersee.at\/wp-content\/uploads\/2023\/04\/Bild2-1-768x345.jpg 768w\" sizes=\"(max-width: 896px) 100vw, 896px\" \/><\/figure>\n\n\n\n<figure class=\"wp-block-image size-large\"><img loading=\"lazy\" decoding=\"async\" width=\"639\" height=\"422\" data-id=\"646\" src=\"https:\/\/vs-nussdorfamattersee.at\/wp-content\/uploads\/2023\/04\/Bild3-1.jpg\" alt=\"\" class=\"wp-image-646\" srcset=\"https:\/\/vs-nussdorfamattersee.at\/wp-content\/uploads\/2023\/04\/Bild3-1.jpg 639w, https:\/\/vs-nussdorfamattersee.at\/wp-content\/uploads\/2023\/04\/Bild3-1-300x198.jpg 300w\" sizes=\"(max-width: 639px) 100vw, 639px\" \/><\/figure>\n\n\n\n<figure class=\"wp-block-image size-full\"><img loading=\"lazy\" decoding=\"async\" width=\"630\" height=\"527\" data-id=\"650\" src=\"https:\/\/vs-nussdorfamattersee.at\/wp-content\/uploads\/2023\/04\/Bild4-2.jpg\" alt=\"\" class=\"wp-image-650\" srcset=\"https:\/\/vs-nussdorfamattersee.at\/wp-content\/uploads\/2023\/04\/Bild4-2.jpg 630w, https:\/\/vs-nussdorfamattersee.at\/wp-content\/uploads\/2023\/04\/Bild4-2-300x251.jpg 300w\" sizes=\"(max-width: 630px) 100vw, 630px\" \/><\/figure>\n\n\n\n<figure class=\"wp-block-image size-large\"><img loading=\"lazy\" decoding=\"async\" width=\"444\" height=\"513\" data-id=\"645\" src=\"https:\/\/vs-nussdorfamattersee.at\/wp-content\/uploads\/2023\/04\/Bild5.jpg\" alt=\"\" class=\"wp-image-645\" srcset=\"https:\/\/vs-nussdorfamattersee.at\/wp-content\/uploads\/2023\/04\/Bild5.jpg 444w, https:\/\/vs-nussdorfamattersee.at\/wp-content\/uploads\/2023\/04\/Bild5-260x300.jpg 260w\" sizes=\"(max-width: 444px) 100vw, 444px\" \/><\/figure>\n\n\n\n<figure class=\"wp-block-image size-large\"><img loading=\"lazy\" decoding=\"async\" width=\"464\" height=\"429\" data-id=\"648\" src=\"https:\/\/vs-nussdorfamattersee.at\/wp-content\/uploads\/2023\/04\/Bild6.jpg\" alt=\"\" class=\"wp-image-648\" srcset=\"https:\/\/vs-nussdorfamattersee.at\/wp-content\/uploads\/2023\/04\/Bild6.jpg 464w, https:\/\/vs-nussdorfamattersee.at\/wp-content\/uploads\/2023\/04\/Bild6-300x277.jpg 300w\" sizes=\"(max-width: 464px) 100vw, 464px\" \/><\/figure>\n<\/figure>\n\n\n\n<hr class=\"wp-block-separator has-alpha-channel-opacity is-style-wide\"\/>\n\n\n\n<h2 class=\"wp-block-heading\">Schuleinschreibung<mark style=\"background-color:rgba(0, 0, 0, 0)\" class=\"has-inline-color has-vivid-green-cyan-color\"><\/mark> f\u00fcr das Schuljahr 2023\/2024<\/h2>\n\n\n\n<p>Die schulpflichtig gewordenen Kinder (geboren zwischen 02.September 2016 und 01.September 2017<a href=\"#_ftn1\" id=\"_ftnref1\">[1]<\/a>) sind von ihren Eltern oder sonstigen Erziehungsberechtigten zur Sch\u00fclereinschreibung bei jener Volksschule anzumelden, zu deren Schulsprengel sie geh\u00f6ren.<\/p>\n\n\n\n<p class=\"has-text-align-center\"><strong>F\u00fcr die Schuleinschreibung Ihres Kindes haben Sie <u>zwei M\u00f6glichkeiten<\/u>:<br><\/strong><br>1) Sie \u00fcbermitteln die ben\u00f6tigten Unterlagen <strong>bis sp\u00e4testens 16.11.2022 postalisch<\/strong> bzw. werfen diese in den Briefkasten der Schule ein.<\/p>\n\n\n\n<p class=\"has-text-align-center\"><strong>ODER<\/strong><\/p>\n\n\n\n<p class=\"has-text-align-center\">2) Sie kommen <strong>pers\u00f6nlich am Mittwoch, 16.11.2022 von 13:00 &#8211; 16:00 Uhr<\/strong> und geben die Unterlagen in der Kanzlei ab.<\/p>\n\n\n\n<p>Da es sich bei der Aufnahme um eine reine Datenerhebung handelt, sind folgende Personaldokumente mitzubringen:<\/p>\n\n\n\n<ol type=\"a\">\n<li>Geburtsurkunde des Kindes bzw. eine beglaubigte Abschrift aus dem Geburtenbuch<\/li>\n\n\n\n<li>Meldebest\u00e4tigung<\/li>\n\n\n\n<li>bei Kindern, die unter Vormundschaft stehen, der Gerichtsbeschluss, welcher die Vormundschaft bescheinigt<\/li>\n\n\n\n<li>bei Namens\u00e4nderung des Kindes das entsprechende Dokument<\/li>\n\n\n\n<li>Nachweis des Glaubensbekenntnisses<\/li>\n\n\n\n<li>Ausgef\u00fcllter <a rel=\"noreferrer noopener\" href=\"https:\/\/vs-nussdorfamattersee.at\/wp-content\/uploads\/2022\/10\/Schueler-Aufnahmebogen-23_24.docx\" target=\"_blank\">Aufnahmebogen<\/a> und <a rel=\"noreferrer noopener\" href=\"https:\/\/vs-nussdorfamattersee.at\/wp-content\/uploads\/2020\/11\/Persoenliches-Datenblatt.pdf\" data-type=\"URL\" data-id=\"https:\/\/vs-nussdorfamattersee.at\/wp-content\/uploads\/2020\/11\/Persoenliches-Datenblatt.pdf\" target=\"_blank\">pers\u00f6nliches Datenblatt<\/a><\/li>\n\n\n\n<li>Passfoto des Kindes<\/li>\n\n\n\n<li>Das \u201e\u00dcbergabeblatt Sprachentwicklung\u201c wird Ihnen vom Kindergarten nach der letzten Sprachstandsfeststellung sp\u00e4testens im Juli \u00fcbergeben. Sie werden gebeten, diese Unterlage ab diesem Zeitpunkt in der Schule nachzureichen.<br><br>Die Schulreife Ihres Kindes wird Ende Februar\/Anfang M\u00e4rz an einem eigenen Tag festgestellt. Die Kinder werden zu diesem Ereignis gesondert eingeladen.<\/li>\n<\/ol>\n\n\n\n<hr class=\"wp-block-separator has-alpha-channel-opacity is-style-dots\"\/>\n\n\n\n<p><a href=\"#_ftnref1\" id=\"_ftn1\">[1]<\/a> W\u00fcrde Ihr Kind nach dem <em>errechneten<\/em> Geburtstermin erst nach dem 1. September 2017 sechs Jahre alt werden, kann dieses Datum herangezogen werden und die Schulpflicht Ihres Kindes beginnt erst im darauffolgenden Jahr. Dies muss mittels Mutter-Kind-Pass glaubhaft gemacht werden.<\/p>\n\n\n\n<hr class=\"wp-block-separator has-alpha-channel-opacity is-style-wide\"\/>\n\n\n\n<h2 class=\"wp-block-heading\"><mark style=\"background-color:rgba(0, 0, 0, 0)\" class=\"has-inline-color has-vivid-green-cyan-color\">Brandschutz\u00fcbung<\/mark><\/h2>\n\n\n\n<p>Am Freitag, 21.10.22 fand in der Volksschule eine Feuer\u00fcbung statt. Mitten im Unterricht ert\u00f6nte pl\u00f6tzlich das Piepsen des Rauchmelders und alle Schulstufen sammelten sich am Sportplatz. <br>Zwei Sch\u00fclerinnen der vierten Schulstufe wurden in die \u00dcbung eingeweiht und versteckten sich im Schulgeb\u00e4ude. Die FF Nu\u00dfdorf a. A. und FF Parschallen-Aich f\u00fchrte den \u00dcbungseinsatz an der Schule durch. Sie kamen mit mehreren Einsatzfahrzeugen und konnten unsere beiden in der Schule verbliebenen M\u00e4dchen rasch retten.<br>Anschlie\u00dfend durften die Kinder das Fahrzeug besichtigen, mit dem Schlauch spritzen und andere Ger\u00e4tschaften erkunden. Die Feuerwehrleute nahmen sich Zeit, um den Sch\u00fclern und Sch\u00fclerinnen die Aufgaben der Feuerwehr zu erkl\u00e4ren und ihre Fragen zu beantworten. HERZLICHEN DANK!<\/p>\n\n\n\n<p><\/p>\n\n\n\n<figure class=\"wp-block-gallery has-nested-images columns-default is-cropped wp-block-gallery-2 is-layout-flex wp-block-gallery-is-layout-flex\">\n<figure class=\"wp-block-image size-large\"><img loading=\"lazy\" decoding=\"async\" width=\"673\" height=\"377\" data-id=\"589\" src=\"https:\/\/vs-nussdorfamattersee.at\/wp-content\/uploads\/2022\/10\/ff.jpg\" alt=\"\" class=\"wp-image-589\" srcset=\"https:\/\/vs-nussdorfamattersee.at\/wp-content\/uploads\/2022\/10\/ff.jpg 673w, https:\/\/vs-nussdorfamattersee.at\/wp-content\/uploads\/2022\/10\/ff-300x168.jpg 300w\" sizes=\"(max-width: 673px) 100vw, 673px\" \/><\/figure>\n\n\n\n<figure class=\"wp-block-image size-large\"><img loading=\"lazy\" decoding=\"async\" width=\"648\" height=\"365\" data-id=\"590\" src=\"https:\/\/vs-nussdorfamattersee.at\/wp-content\/uploads\/2022\/10\/ff1.jpg\" alt=\"\" class=\"wp-image-590\" srcset=\"https:\/\/vs-nussdorfamattersee.at\/wp-content\/uploads\/2022\/10\/ff1.jpg 648w, https:\/\/vs-nussdorfamattersee.at\/wp-content\/uploads\/2022\/10\/ff1-300x169.jpg 300w\" sizes=\"(max-width: 648px) 100vw, 648px\" \/><\/figure>\n\n\n\n<figure class=\"wp-block-image size-large\"><img loading=\"lazy\" decoding=\"async\" width=\"683\" height=\"384\" data-id=\"592\" src=\"https:\/\/vs-nussdorfamattersee.at\/wp-content\/uploads\/2022\/10\/ff6.jpg\" alt=\"\" class=\"wp-image-592\" srcset=\"https:\/\/vs-nussdorfamattersee.at\/wp-content\/uploads\/2022\/10\/ff6.jpg 683w, https:\/\/vs-nussdorfamattersee.at\/wp-content\/uploads\/2022\/10\/ff6-300x169.jpg 300w\" sizes=\"(max-width: 683px) 100vw, 683px\" \/><\/figure>\n<\/figure>\n\n\n\n<figure class=\"wp-block-gallery has-nested-images columns-default is-cropped wp-block-gallery-3 is-layout-flex wp-block-gallery-is-layout-flex\">\n<figure class=\"wp-block-image size-large\"><img loading=\"lazy\" decoding=\"async\" width=\"467\" height=\"828\" data-id=\"599\" src=\"https:\/\/vs-nussdorfamattersee.at\/wp-content\/uploads\/2022\/10\/ff2-1-edited.jpg\" alt=\"\" class=\"wp-image-599\" srcset=\"https:\/\/vs-nussdorfamattersee.at\/wp-content\/uploads\/2022\/10\/ff2-1-edited.jpg 467w, https:\/\/vs-nussdorfamattersee.at\/wp-content\/uploads\/2022\/10\/ff2-1-edited-169x300.jpg 169w\" sizes=\"(max-width: 467px) 100vw, 467px\" \/><\/figure>\n\n\n\n<figure class=\"wp-block-image size-large\"><img loading=\"lazy\" decoding=\"async\" width=\"451\" height=\"801\" data-id=\"598\" src=\"https:\/\/vs-nussdorfamattersee.at\/wp-content\/uploads\/2022\/10\/ff4-1-edited.jpg\" alt=\"\" class=\"wp-image-598\" srcset=\"https:\/\/vs-nussdorfamattersee.at\/wp-content\/uploads\/2022\/10\/ff4-1-edited.jpg 451w, https:\/\/vs-nussdorfamattersee.at\/wp-content\/uploads\/2022\/10\/ff4-1-edited-169x300.jpg 169w\" sizes=\"(max-width: 451px) 100vw, 451px\" \/><\/figure>\n\n\n\n<figure class=\"wp-block-image size-large\"><img loading=\"lazy\" decoding=\"async\" width=\"410\" height=\"730\" data-id=\"600\" src=\"https:\/\/vs-nussdorfamattersee.at\/wp-content\/uploads\/2022\/10\/ff5-1-edited.jpg\" alt=\"\" class=\"wp-image-600\" srcset=\"https:\/\/vs-nussdorfamattersee.at\/wp-content\/uploads\/2022\/10\/ff5-1-edited.jpg 410w, https:\/\/vs-nussdorfamattersee.at\/wp-content\/uploads\/2022\/10\/ff5-1-edited-168x300.jpg 168w\" sizes=\"(max-width: 410px) 100vw, 410px\" \/><\/figure>\n<\/figure>\n\n\n\n<hr class=\"wp-block-separator has-alpha-channel-opacity is-style-wide\"\/>\n\n\n\n<h2 class=\"wp-block-heading\"><mark style=\"background-color:rgba(0, 0, 0, 0)\" class=\"has-inline-color has-vivid-green-cyan-color\">Wandertag<\/mark><\/h2>\n\n\n\n<p>Der Herbstwandertag im neuen Schuljahr startete mit einem Waldweg, der uns steil bergauf nach Sonnleiten f\u00fchrte. Oben angekommen gab es die erste wohlverdiente Jausenpause.<br>Begleitet von der Sonne, wanderten wir einen sch\u00f6nen Forstweg entlang bis nach Wienerroith. Bei der Kronberg-Kapelle erwartete uns eine s\u00fc\u00dfe Krapfen\u00fcberraschung vom Elternverein.<br>Wir spazierten weiter den Gl\u00fccksweg entlang und rundeten den Wandertag beim Naturspielplatz Wildenhag ab.&nbsp;<\/p>\n\n\n\n<figure class=\"wp-block-gallery has-nested-images columns-default is-cropped wp-block-gallery-4 is-layout-flex wp-block-gallery-is-layout-flex\">\n<figure class=\"wp-block-image size-large\"><img loading=\"lazy\" decoding=\"async\" width=\"672\" height=\"672\" data-id=\"585\" src=\"https:\/\/vs-nussdorfamattersee.at\/wp-content\/uploads\/2022\/10\/wandern1-1.png\" alt=\"\" class=\"wp-image-585\" srcset=\"https:\/\/vs-nussdorfamattersee.at\/wp-content\/uploads\/2022\/10\/wandern1-1.png 672w, https:\/\/vs-nussdorfamattersee.at\/wp-content\/uploads\/2022\/10\/wandern1-1-300x300.png 300w, https:\/\/vs-nussdorfamattersee.at\/wp-content\/uploads\/2022\/10\/wandern1-1-150x150.png 150w, https:\/\/vs-nussdorfamattersee.at\/wp-content\/uploads\/2022\/10\/wandern1-1-70x70.png 70w, https:\/\/vs-nussdorfamattersee.at\/wp-content\/uploads\/2022\/10\/wandern1-1-246x246.png 246w, https:\/\/vs-nussdorfamattersee.at\/wp-content\/uploads\/2022\/10\/wandern1-1-276x276.png 276w, https:\/\/vs-nussdorfamattersee.at\/wp-content\/uploads\/2022\/10\/wandern1-1-125x125.png 125w\" sizes=\"(max-width: 672px) 100vw, 672px\" \/><\/figure>\n\n\n\n<figure class=\"wp-block-image size-large\"><img loading=\"lazy\" decoding=\"async\" width=\"814\" height=\"457\" data-id=\"583\" src=\"https:\/\/vs-nussdorfamattersee.at\/wp-content\/uploads\/2022\/10\/wandern2.jpg\" alt=\"\" class=\"wp-image-583\" srcset=\"https:\/\/vs-nussdorfamattersee.at\/wp-content\/uploads\/2022\/10\/wandern2.jpg 814w, https:\/\/vs-nussdorfamattersee.at\/wp-content\/uploads\/2022\/10\/wandern2-300x168.jpg 300w, https:\/\/vs-nussdorfamattersee.at\/wp-content\/uploads\/2022\/10\/wandern2-768x431.jpg 768w\" sizes=\"(max-width: 814px) 100vw, 814px\" \/><\/figure>\n\n\n\n<figure class=\"wp-block-image size-large\"><img loading=\"lazy\" decoding=\"async\" width=\"810\" height=\"607\" data-id=\"584\" src=\"https:\/\/vs-nussdorfamattersee.at\/wp-content\/uploads\/2022\/10\/wandern3.jpg\" alt=\"\" class=\"wp-image-584\" srcset=\"https:\/\/vs-nussdorfamattersee.at\/wp-content\/uploads\/2022\/10\/wandern3.jpg 810w, https:\/\/vs-nussdorfamattersee.at\/wp-content\/uploads\/2022\/10\/wandern3-300x225.jpg 300w, https:\/\/vs-nussdorfamattersee.at\/wp-content\/uploads\/2022\/10\/wandern3-768x576.jpg 768w\" sizes=\"(max-width: 810px) 100vw, 810px\" \/><\/figure>\n<\/figure>\n\n\n\n<hr class=\"wp-block-separator has-alpha-channel-opacity is-style-wide\"\/>\n\n\n\n<h2 class=\"wp-block-heading\"><mark style=\"background-color:rgba(0, 0, 0, 0)\" class=\"has-inline-color has-vivid-green-cyan-color\">Spendenlauf &#8222;Laufen f\u00fcr ein L\u00e4cheln&#8220;<\/mark><\/h2>\n\n\n\n<p>Hochmotiviert und mit optimalem Wetter starteten die Sch\u00fcler\/innen aller vier Schulstufen mit einigen Aufw\u00e4rm- und Lockerungs\u00fcbungen. Die ausgew\u00e4hlte Strecke wurde besprochen, die Z\u00e4hlposten eingenommen und schon konnte das allgemeine Laufen beginnen.&nbsp;&nbsp;&nbsp;&nbsp;&nbsp;&nbsp;&nbsp;&nbsp;&nbsp;&nbsp;&nbsp;&nbsp;&nbsp;&nbsp;&nbsp;&nbsp;&nbsp;&nbsp;&nbsp;&nbsp;&nbsp;&nbsp;&nbsp;&nbsp;&nbsp;&nbsp;&nbsp;&nbsp;&nbsp;&nbsp;&nbsp;&nbsp;&nbsp;&nbsp;&nbsp;&nbsp;&nbsp;&nbsp; &nbsp;<br>Die Kinder zeigten gro\u00dfe Ausdauer und Motivation, vor allem aber Freude an der gemeinsamen Aktivit\u00e4t. Gegenseitig spornten sie sich an und unterst\u00fctzten einander. Sowohl die Bewegung an der frischen Luft als auch die soziale Komponente, etwas zusammen zu erleben, machten den Spendenlauf zu einem vollen Erfolg.&nbsp;<\/p>\n\n\n\n<p class=\"has-text-align-center\"><strong>Wir freuen uns \u00fcber eine Gesamtrundenzahl von<\/strong>&nbsp;<strong>1.242 Runden = 211,140 km<\/strong>&nbsp;<strong>und einem Spendenbeitrag von 622,17\u20ac<\/strong>&nbsp;<\/p>\n\n\n\n<p class=\"has-text-align-center\"><img decoding=\"async\" src=\"blob:https:\/\/vs-nussdorfamattersee.at\/3e1a2e79-5f30-47b8-847e-933a920be410\"><\/p>\n\n\n\n<hr class=\"wp-block-separator has-alpha-channel-opacity is-style-wide\"\/>\n\n\n\n<h2 class=\"wp-block-heading\"><mark style=\"background-color:rgba(0, 0, 0, 0)\" class=\"has-inline-color has-vivid-green-cyan-color\">Eisspende<\/mark><\/h2>\n\n\n\n<p><strong>Ein herzliches Dankesch\u00f6n an Herrn Wiesinger f\u00fcr die Eisspende<\/strong> an die Kinder der Volksschule Nu\u00dfdorf am Attersee!<\/p>\n\n\n\n<p>Rechtzeitig zum Leeren der Eistruhe des &#8222;Kleinen Lex&#8220;, kam die Sonne zum Vorschein.<\/p>\n\n\n<div class=\"wp-block-image\">\n<figure class=\"aligncenter size-full is-resized\"><img loading=\"lazy\" decoding=\"async\" width=\"702\" height=\"395\" src=\"https:\/\/vs-nussdorfamattersee.at\/wp-content\/uploads\/2022\/10\/grafik-12.png\" alt=\"\" class=\"wp-image-573\" style=\"width:668px;height:376px\" srcset=\"https:\/\/vs-nussdorfamattersee.at\/wp-content\/uploads\/2022\/10\/grafik-12.png 702w, https:\/\/vs-nussdorfamattersee.at\/wp-content\/uploads\/2022\/10\/grafik-12-300x169.png 300w\" sizes=\"(max-width: 702px) 100vw, 702px\" \/><\/figure><\/div>\n\n\n<hr class=\"wp-block-separator has-alpha-channel-opacity is-style-wide\"\/>\n\n\n\n<h2 class=\"wp-block-heading\"><mark style=\"background-color:rgba(0, 0, 0, 0)\" class=\"has-inline-color has-vivid-green-cyan-color\">Hallo Auto!<\/mark><\/h2>\n\n\n\n<p>Bei der vom \u00d6AMTC veranstalteten Verkehrserziehungs\u00fcbung konnten die Sch\u00fcler und Sch\u00fclerinnen der 3. Schulstufe sehr viel \u00fcber den Stra\u00dfenverkehr lernen.<\/p>\n\n\n\n<p>Die Bremswege wurden auf verschiedene Weisen erforscht \u2013 gehend, laufend, mit dem Auto auf trockener<br>und nasser Fahrbahn.<\/p>\n\n\n\n<p>Die Kinder durften selber, mit einem dazu pr\u00e4parierten Auto, eine Notbremsung durchf\u00fchren, wobei es zu mancher \u00dcberraschung \u00fcber die L\u00e4nge des Anhalteweges kam.<\/p>\n\n\n\n<p>Alles in allem war dies eine absolut perfekte Veranstaltung f\u00fcr die Kinder, die sich jetzt mit Sicherheit bewusster im Stra\u00dfenverkehr bewegen.<\/p>\n\n\n\n<p><strong>Ein gro\u00dfer Dank gilt auch der Gemeinde, die uns immer tatkr\u00e4ftig unterst\u00fctzt!<\/strong><\/p>\n\n\n\n<figure class=\"wp-block-gallery has-nested-images columns-default is-cropped wp-block-gallery-5 is-layout-flex wp-block-gallery-is-layout-flex\">\n<figure class=\"wp-block-image size-large is-style-default\"><img loading=\"lazy\" decoding=\"async\" width=\"454\" height=\"808\" data-id=\"567\" src=\"https:\/\/vs-nussdorfamattersee.at\/wp-content\/uploads\/2022\/10\/halloauto1-1-edited.jpg\" alt=\"\" class=\"wp-image-567\" srcset=\"https:\/\/vs-nussdorfamattersee.at\/wp-content\/uploads\/2022\/10\/halloauto1-1-edited.jpg 454w, https:\/\/vs-nussdorfamattersee.at\/wp-content\/uploads\/2022\/10\/halloauto1-1-edited-169x300.jpg 169w\" sizes=\"(max-width: 454px) 100vw, 454px\" \/><\/figure>\n\n\n\n<figure class=\"wp-block-image size-large\"><img loading=\"lazy\" decoding=\"async\" width=\"537\" height=\"955\" data-id=\"566\" src=\"https:\/\/vs-nussdorfamattersee.at\/wp-content\/uploads\/2022\/10\/halloauto3-1-edited.jpg\" alt=\"\" class=\"wp-image-566\" srcset=\"https:\/\/vs-nussdorfamattersee.at\/wp-content\/uploads\/2022\/10\/halloauto3-1-edited.jpg 537w, https:\/\/vs-nussdorfamattersee.at\/wp-content\/uploads\/2022\/10\/halloauto3-1-edited-169x300.jpg 169w\" sizes=\"(max-width: 537px) 100vw, 537px\" \/><\/figure>\n\n\n\n<figure class=\"wp-block-image size-large\"><img loading=\"lazy\" decoding=\"async\" width=\"439\" height=\"778\" data-id=\"568\" src=\"https:\/\/vs-nussdorfamattersee.at\/wp-content\/uploads\/2022\/10\/halloauto5-edited.jpg\" alt=\"\" class=\"wp-image-568\" srcset=\"https:\/\/vs-nussdorfamattersee.at\/wp-content\/uploads\/2022\/10\/halloauto5-edited.jpg 439w, https:\/\/vs-nussdorfamattersee.at\/wp-content\/uploads\/2022\/10\/halloauto5-edited-169x300.jpg 169w\" sizes=\"(max-width: 439px) 100vw, 439px\" \/><\/figure>\n<\/figure>\n\n\n\n<figure class=\"wp-block-gallery has-nested-images columns-default is-cropped wp-block-gallery-6 is-layout-flex wp-block-gallery-is-layout-flex\">\n<figure class=\"wp-block-image size-large\"><img loading=\"lazy\" decoding=\"async\" width=\"1022\" height=\"575\" data-id=\"569\" src=\"https:\/\/vs-nussdorfamattersee.at\/wp-content\/uploads\/2022\/10\/halloauto2-1.jpg\" alt=\"\" class=\"wp-image-569\" srcset=\"https:\/\/vs-nussdorfamattersee.at\/wp-content\/uploads\/2022\/10\/halloauto2-1.jpg 1022w, https:\/\/vs-nussdorfamattersee.at\/wp-content\/uploads\/2022\/10\/halloauto2-1-300x169.jpg 300w, https:\/\/vs-nussdorfamattersee.at\/wp-content\/uploads\/2022\/10\/halloauto2-1-768x432.jpg 768w\" sizes=\"(max-width: 1022px) 100vw, 1022px\" \/><\/figure>\n\n\n\n<figure class=\"wp-block-image size-large\"><img loading=\"lazy\" decoding=\"async\" width=\"884\" height=\"497\" data-id=\"570\" src=\"https:\/\/vs-nussdorfamattersee.at\/wp-content\/uploads\/2022\/10\/halloauto4.jpg\" alt=\"\" class=\"wp-image-570\" srcset=\"https:\/\/vs-nussdorfamattersee.at\/wp-content\/uploads\/2022\/10\/halloauto4.jpg 884w, https:\/\/vs-nussdorfamattersee.at\/wp-content\/uploads\/2022\/10\/halloauto4-300x169.jpg 300w, https:\/\/vs-nussdorfamattersee.at\/wp-content\/uploads\/2022\/10\/halloauto4-768x432.jpg 768w\" sizes=\"(max-width: 884px) 100vw, 884px\" \/><\/figure>\n<\/figure>\n\n\n\n<hr class=\"wp-block-separator has-alpha-channel-opacity is-style-wide\"\/>\n\n\n\n<h2 class=\"wp-block-heading\"><mark style=\"background-color:rgba(0, 0, 0, 0)\" class=\"has-inline-color has-vivid-green-cyan-color\">Schulbeginn<\/mark><\/h2>\n\n\n\n<p>Wir freuen uns schon sehr auf den bevorstehenden Schulbeginn f\u00fcr den auch das BMBWF die Einschr\u00e4nkungen und Ma\u00dfnahmen auf ein absolut notwendiges Minimum reduzieren m\u00f6chte.<br>Konkret bedeutet dies, dass es zu Schulbeginn weder eine Test- noch eine Maskenverpflichtung gibt.<br>Empfohlen wird aber, die Kinder vor Schulbeginn einmalig zu testen, um beim Wiedersehen kein Risiko einzugehen.<\/p>\n","protected":false},"excerpt":{"rendered":"<p>Astro Kids Die VS Nu\u00dfdorf am Attersee durfte ein sensationelles Astronomie-Projekt erleben. Frau Sonja Hufnagl f\u00fchrte uns mit einer unglaublichen &hellip; <\/p>\n","protected":false},"author":1,"featured_media":0,"parent":0,"menu_order":0,"comment_status":"closed","ping_status":"closed","template":"","meta":{"footnotes":""},"_links":{"self":[{"href":"https:\/\/vs-nussdorfamattersee.at\/index.php?rest_route=\/wp\/v2\/pages\/690"}],"collection":[{"href":"https:\/\/vs-nussdorfamattersee.at\/index.php?rest_route=\/wp\/v2\/pages"}],"about":[{"href":"https:\/\/vs-nussdorfamattersee.at\/index.php?rest_route=\/wp\/v2\/types\/page"}],"author":[{"embeddable":true,"href":"https:\/\/vs-nussdorfamattersee.at\/index.php?rest_route=\/wp\/v2\/users\/1"}],"replies":[{"embeddable":true,"href":"https:\/\/vs-nussdorfamattersee.at\/index.php?rest_route=%2Fwp%2Fv2%2Fcomments&post=690"}],"version-history":[{"count":4,"href":"https:\/\/vs-nussdorfamattersee.at\/index.php?rest_route=\/wp\/v2\/pages\/690\/revisions"}],"predecessor-version":[{"id":701,"href":"https:\/\/vs-nussdorfamattersee.at\/index.php?rest_route=\/wp\/v2\/pages\/690\/revisions\/701"}],"wp:attachment":[{"href":"https:\/\/vs-nussdorfamattersee.at\/index.php?rest_route=%2Fwp%2Fv2%2Fmedia&parent=690"}],"curies":[{"name":"wp","href":"https:\/\/api.w.org\/{rel}","templated":true}]}}